{"id":1223,"date":"2024-09-19T17:53:18","date_gmt":"2024-09-19T22:53:18","guid":{"rendered":"https:\/\/kmkc.ec\/journey\/?page_id=1223"},"modified":"2024-09-20T10:16:33","modified_gmt":"2024-09-20T15:16:33","slug":"categorias","status":"publish","type":"page","link":"https:\/\/kmkc.ec\/journey\/categorias\/","title":{"rendered":"Categor\u00edas"},"content":{"rendered":"\n<div class=\"message-box relative dark\" style=\"padding-top:36px;padding-bottom:36px;\"><div class=\"message-box-bg-image bg-fill fill\" ><\/div><div class=\"message-box-bg-overlay bg-fill fill\" style=\"background-color:rgb(74, 74, 74);\"><\/div><div class=\"container relative\"><div class=\"inner last-reset\">\n\n<div class=\"row align-middle\"  id=\"row-1872042109\">\n\n\n\t<div id=\"col-1346782954\" class=\"col medium-7 small-12 large-7\"  >\n\t\t\t\t<div class=\"col-inner\"  >\n\t\t\t\n\t\t\t\n\n<h2 class=\"uppercase\">selecciona la categor\u00eda que m\u00e1s te apasiona y elige ese dise\u00f1o audaz<\/h2>\n<p>EMPIEZA A FORMAR PARTE DE NUESTRA MANADA<\/p>\n\n\n\t\t<\/div>\n\t\t\t\t\t<\/div>\n\n\t\n\n\t<div id=\"col-572389807\" class=\"col medium-5 small-12 large-5\"  >\n\t\t\t\t<div class=\"col-inner text-right\"  >\n\t\t\t\n\t\t\t\n\n<a data-animate=\"flipInY\" href=\"https:\/\/kmkc.ec\/journey\/catalogo\/\" class=\"button white is-outline is-larger\" >\n\t\t<span>Ver cat\u00e1logo completo<\/span>\n\t<i class=\"icon-shopping-cart\" aria-hidden=\"true\"><\/i><\/a>\n\n\n\n\t\t<\/div>\n\t\t\t\t\t<\/div>\n\n\t\n\n<\/div>\n\n<\/div><\/div><\/div>\n\n","protected":false},"excerpt":{"rendered":"","protected":false},"author":1,"featured_media":19,"parent":0,"menu_order":1,"comment_status":"closed","ping_status":"closed","template":"page-blank.php","meta":{"_joinchat":[],"footnotes":""},"class_list":["post-1223","page","type-page","status-publish","has-post-thumbnail","hentry"],"yoast_head":"<!-- This site is optimized with the Yoast SEO plugin v27.5 - https:\/\/yoast.com\/product\/yoast-seo-wordpress\/ -->\n<title>Categor\u00edas - Kmkc.ec<\/title>\n<meta name=\"robots\" content=\"index, follow, max-snippet:-1, max-image-preview:large, max-video-preview:-1\" \/>\n<link rel=\"canonical\" href=\"https:\/\/kmkc.ec\/journey\/categorias\/\" \/>\n<meta property=\"og:locale\" content=\"es_ES\" \/>\n<meta property=\"og:type\" content=\"article\" \/>\n<meta property=\"og:title\" content=\"Categor\u00edas - Kmkc.ec\" \/>\n<meta property=\"og:url\" content=\"https:\/\/kmkc.ec\/journey\/categorias\/\" \/>\n<meta property=\"og:site_name\" content=\"Kmkc.ec\" \/>\n<meta property=\"article:publisher\" content=\"https:\/\/www.facebook.com\/kmkc.ec\" \/>\n<meta property=\"article:modified_time\" content=\"2024-09-20T15:16:33+00:00\" \/>\n<meta property=\"og:image\" content=\"https:\/\/i0.wp.com\/kmkc.ec\/journey\/wp-content\/uploads\/2016\/08\/dummy-1.jpg?fit=400%2C260&ssl=1\" \/>\n\t<meta property=\"og:image:width\" content=\"400\" \/>\n\t<meta property=\"og:image:height\" content=\"260\" \/>\n\t<meta property=\"og:image:type\" content=\"image\/jpeg\" \/>\n<meta name=\"twitter:card\" content=\"summary_large_image\" \/>\n<script type=\"application\/ld+json\" class=\"yoast-schema-graph\">{\"@context\":\"https:\\\/\\\/schema.org\",\"@graph\":[{\"@type\":\"WebPage\",\"@id\":\"https:\\\/\\\/kmkc.ec\\\/journey\\\/categorias\\\/\",\"url\":\"https:\\\/\\\/kmkc.ec\\\/journey\\\/categorias\\\/\",\"name\":\"Categor\u00edas - Kmkc.ec\",\"isPartOf\":{\"@id\":\"https:\\\/\\\/kmkc.ec\\\/journey\\\/#website\"},\"primaryImageOfPage\":{\"@id\":\"https:\\\/\\\/kmkc.ec\\\/journey\\\/categorias\\\/#primaryimage\"},\"image\":{\"@id\":\"https:\\\/\\\/kmkc.ec\\\/journey\\\/categorias\\\/#primaryimage\"},\"thumbnailUrl\":\"https:\\\/\\\/i0.wp.com\\\/kmkc.ec\\\/journey\\\/wp-content\\\/uploads\\\/2016\\\/08\\\/dummy-1.jpg?fit=400%2C260&ssl=1\",\"datePublished\":\"2024-09-19T22:53:18+00:00\",\"dateModified\":\"2024-09-20T15:16:33+00:00\",\"breadcrumb\":{\"@id\":\"https:\\\/\\\/kmkc.ec\\\/journey\\\/categorias\\\/#breadcrumb\"},\"inLanguage\":\"es\",\"potentialAction\":[{\"@type\":\"ReadAction\",\"target\":[\"https:\\\/\\\/kmkc.ec\\\/journey\\\/categorias\\\/\"]}]},{\"@type\":\"ImageObject\",\"inLanguage\":\"es\",\"@id\":\"https:\\\/\\\/kmkc.ec\\\/journey\\\/categorias\\\/#primaryimage\",\"url\":\"https:\\\/\\\/i0.wp.com\\\/kmkc.ec\\\/journey\\\/wp-content\\\/uploads\\\/2016\\\/08\\\/dummy-1.jpg?fit=400%2C260&ssl=1\",\"contentUrl\":\"https:\\\/\\\/i0.wp.com\\\/kmkc.ec\\\/journey\\\/wp-content\\\/uploads\\\/2016\\\/08\\\/dummy-1.jpg?fit=400%2C260&ssl=1\",\"width\":400,\"height\":260},{\"@type\":\"BreadcrumbList\",\"@id\":\"https:\\\/\\\/kmkc.ec\\\/journey\\\/categorias\\\/#breadcrumb\",\"itemListElement\":[{\"@type\":\"ListItem\",\"position\":1,\"name\":\"Portada\",\"item\":\"https:\\\/\\\/kmkc.ec\\\/journey\\\/\"},{\"@type\":\"ListItem\",\"position\":2,\"name\":\"Categor\u00edas\"}]},{\"@type\":\"WebSite\",\"@id\":\"https:\\\/\\\/kmkc.ec\\\/journey\\\/#website\",\"url\":\"https:\\\/\\\/kmkc.ec\\\/journey\\\/\",\"name\":\"Kmkc.ec\",\"description\":\"Inicio- Kmkc.ec\",\"publisher\":{\"@id\":\"https:\\\/\\\/kmkc.ec\\\/journey\\\/#organization\"},\"potentialAction\":[{\"@type\":\"SearchAction\",\"target\":{\"@type\":\"EntryPoint\",\"urlTemplate\":\"https:\\\/\\\/kmkc.ec\\\/journey\\\/?s={search_term_string}\"},\"query-input\":{\"@type\":\"PropertyValueSpecification\",\"valueRequired\":true,\"valueName\":\"search_term_string\"}}],\"inLanguage\":\"es\"},{\"@type\":\"Organization\",\"@id\":\"https:\\\/\\\/kmkc.ec\\\/journey\\\/#organization\",\"name\":\"Kmkc.ec\",\"url\":\"https:\\\/\\\/kmkc.ec\\\/journey\\\/\",\"logo\":{\"@type\":\"ImageObject\",\"inLanguage\":\"es\",\"@id\":\"https:\\\/\\\/kmkc.ec\\\/journey\\\/#\\\/schema\\\/logo\\\/image\\\/\",\"url\":\"https:\\\/\\\/i0.wp.com\\\/kmkc.ec\\\/journey\\\/wp-content\\\/uploads\\\/2024\\\/09\\\/logo-redes-act.png?fit=1772%2C1772&ssl=1\",\"contentUrl\":\"https:\\\/\\\/i0.wp.com\\\/kmkc.ec\\\/journey\\\/wp-content\\\/uploads\\\/2024\\\/09\\\/logo-redes-act.png?fit=1772%2C1772&ssl=1\",\"width\":1772,\"height\":1772,\"caption\":\"Kmkc.ec\"},\"image\":{\"@id\":\"https:\\\/\\\/kmkc.ec\\\/journey\\\/#\\\/schema\\\/logo\\\/image\\\/\"},\"sameAs\":[\"https:\\\/\\\/www.facebook.com\\\/kmkc.ec\",\"https:\\\/\\\/www.instagram.com\\\/kmkc.ec\\\/\"]}]}<\/script>\n<!-- \/ Yoast SEO plugin. -->","yoast_head_json":{"title":"Categor\u00edas - Kmkc.ec","robots":{"index":"index","follow":"follow","max-snippet":"max-snippet:-1","max-image-preview":"max-image-preview:large","max-video-preview":"max-video-preview:-1"},"canonical":"https:\/\/kmkc.ec\/journey\/categorias\/","og_locale":"es_ES","og_type":"article","og_title":"Categor\u00edas - Kmkc.ec","og_url":"https:\/\/kmkc.ec\/journey\/categorias\/","og_site_name":"Kmkc.ec","article_publisher":"https:\/\/www.facebook.com\/kmkc.ec","article_modified_time":"2024-09-20T15:16:33+00:00","og_image":[{"width":400,"height":260,"url":"https:\/\/i0.wp.com\/kmkc.ec\/journey\/wp-content\/uploads\/2016\/08\/dummy-1.jpg?fit=400%2C260&ssl=1","type":"image\/jpeg"}],"twitter_card":"summary_large_image","schema":{"@context":"https:\/\/schema.org","@graph":[{"@type":"WebPage","@id":"https:\/\/kmkc.ec\/journey\/categorias\/","url":"https:\/\/kmkc.ec\/journey\/categorias\/","name":"Categor\u00edas - Kmkc.ec","isPartOf":{"@id":"https:\/\/kmkc.ec\/journey\/#website"},"primaryImageOfPage":{"@id":"https:\/\/kmkc.ec\/journey\/categorias\/#primaryimage"},"image":{"@id":"https:\/\/kmkc.ec\/journey\/categorias\/#primaryimage"},"thumbnailUrl":"https:\/\/i0.wp.com\/kmkc.ec\/journey\/wp-content\/uploads\/2016\/08\/dummy-1.jpg?fit=400%2C260&ssl=1","datePublished":"2024-09-19T22:53:18+00:00","dateModified":"2024-09-20T15:16:33+00:00","breadcrumb":{"@id":"https:\/\/kmkc.ec\/journey\/categorias\/#breadcrumb"},"inLanguage":"es","potentialAction":[{"@type":"ReadAction","target":["https:\/\/kmkc.ec\/journey\/categorias\/"]}]},{"@type":"ImageObject","inLanguage":"es","@id":"https:\/\/kmkc.ec\/journey\/categorias\/#primaryimage","url":"https:\/\/i0.wp.com\/kmkc.ec\/journey\/wp-content\/uploads\/2016\/08\/dummy-1.jpg?fit=400%2C260&ssl=1","contentUrl":"https:\/\/i0.wp.com\/kmkc.ec\/journey\/wp-content\/uploads\/2016\/08\/dummy-1.jpg?fit=400%2C260&ssl=1","width":400,"height":260},{"@type":"BreadcrumbList","@id":"https:\/\/kmkc.ec\/journey\/categorias\/#breadcrumb","itemListElement":[{"@type":"ListItem","position":1,"name":"Portada","item":"https:\/\/kmkc.ec\/journey\/"},{"@type":"ListItem","position":2,"name":"Categor\u00edas"}]},{"@type":"WebSite","@id":"https:\/\/kmkc.ec\/journey\/#website","url":"https:\/\/kmkc.ec\/journey\/","name":"Kmkc.ec","description":"Inicio- Kmkc.ec","publisher":{"@id":"https:\/\/kmkc.ec\/journey\/#organization"},"potentialAction":[{"@type":"SearchAction","target":{"@type":"EntryPoint","urlTemplate":"https:\/\/kmkc.ec\/journey\/?s={search_term_string}"},"query-input":{"@type":"PropertyValueSpecification","valueRequired":true,"valueName":"search_term_string"}}],"inLanguage":"es"},{"@type":"Organization","@id":"https:\/\/kmkc.ec\/journey\/#organization","name":"Kmkc.ec","url":"https:\/\/kmkc.ec\/journey\/","logo":{"@type":"ImageObject","inLanguage":"es","@id":"https:\/\/kmkc.ec\/journey\/#\/schema\/logo\/image\/","url":"https:\/\/i0.wp.com\/kmkc.ec\/journey\/wp-content\/uploads\/2024\/09\/logo-redes-act.png?fit=1772%2C1772&ssl=1","contentUrl":"https:\/\/i0.wp.com\/kmkc.ec\/journey\/wp-content\/uploads\/2024\/09\/logo-redes-act.png?fit=1772%2C1772&ssl=1","width":1772,"height":1772,"caption":"Kmkc.ec"},"image":{"@id":"https:\/\/kmkc.ec\/journey\/#\/schema\/logo\/image\/"},"sameAs":["https:\/\/www.facebook.com\/kmkc.ec","https:\/\/www.instagram.com\/kmkc.ec\/"]}]}},"jetpack_sharing_enabled":true,"_links":{"self":[{"href":"https:\/\/kmkc.ec\/journey\/wp-json\/wp\/v2\/pages\/1223","targetHints":{"allow":["GET"]}}],"collection":[{"href":"https:\/\/kmkc.ec\/journey\/wp-json\/wp\/v2\/pages"}],"about":[{"href":"https:\/\/kmkc.ec\/journey\/wp-json\/wp\/v2\/types\/page"}],"author":[{"embeddable":true,"href":"https:\/\/kmkc.ec\/journey\/wp-json\/wp\/v2\/users\/1"}],"replies":[{"embeddable":true,"href":"https:\/\/kmkc.ec\/journey\/wp-json\/wp\/v2\/comments?post=1223"}],"version-history":[{"count":7,"href":"https:\/\/kmkc.ec\/journey\/wp-json\/wp\/v2\/pages\/1223\/revisions"}],"predecessor-version":[{"id":1239,"href":"https:\/\/kmkc.ec\/journey\/wp-json\/wp\/v2\/pages\/1223\/revisions\/1239"}],"wp:featuredmedia":[{"embeddable":true,"href":"https:\/\/kmkc.ec\/journey\/wp-json\/wp\/v2\/media\/19"}],"wp:attachment":[{"href":"https:\/\/kmkc.ec\/journey\/wp-json\/wp\/v2\/media?parent=1223"}],"curies":[{"name":"wp","href":"https:\/\/api.w.org\/{rel}","templated":true}]}}